{"id":74,"date":"2022-01-26T22:06:09","date_gmt":"2022-01-26T22:06:09","guid":{"rendered":"https:\/\/kita-holunderweg2.bretzenheim.info\/?page_id=74"},"modified":"2025-01-08T22:25:47","modified_gmt":"2025-01-08T22:25:47","slug":"projekte","status":"publish","type":"page","link":"https:\/\/kita-holunderweg.bretzenheim.info\/?page_id=74","title":{"rendered":"Projekte"},"content":{"rendered":"\n<p>In der Kita werden verschiedene Projekte mit den Kindern durchgef\u00fchrt. Hier wollen wir Ihnen einen kleinen \u00dcberblick verschaffen.<\/p>\n\n\n\n<div class=\"wp-block-media-text alignwide is-stacked-on-mobile\" style=\"grid-template-columns:31% auto\"><figure class=\"wp-block-media-text__media\"><img loading=\"lazy\" decoding=\"async\" width=\"400\" height=\"350\" src=\"https:\/\/kita-holunderweg.bretzenheim.info\/wp-content\/uploads\/2019\/06\/gallery_04.jpg\" alt=\"Junge mit runder Brille\" class=\"wp-image-350 size-full\" srcset=\"https:\/\/kita-holunderweg.bretzenheim.info\/wp-content\/uploads\/2019\/06\/gallery_04.jpg 400w, https:\/\/kita-holunderweg.bretzenheim.info\/wp-content\/uploads\/2019\/06\/gallery_04-300x263.jpg 300w\" sizes=\"auto, (max-width: 400px) 100vw, 400px\" \/><\/figure><div class=\"wp-block-media-text__content\">\n<h2 class=\"wp-block-heading\">Schukitreff<\/h2>\n\n\n\n<p>Der Schukitreff findet zwei mal die Woche statt zur Vorbereitung der Schulkinder auf die Schule. <\/p>\n<\/div><\/div>\n\n\n\n<div style=\"height:24px\" aria-hidden=\"true\" class=\"wp-block-spacer\"><\/div>\n\n\n\n<div class=\"wp-block-media-text has-media-on-the-right is-stacked-on-mobile\"><div class=\"wp-block-media-text__content\">\n<h2 class=\"wp-block-heading\">Zusammenarbeit mit der Kleine F\u00fcchse Raule-Stiftung<\/h2>\n\n\n\n<p>Wir arbeiten eng mit der Kleine F\u00fcchse Raule-Stiftung zusammen, um unsere Kinder begabungsgerecht zu f\u00f6rdern und eine m\u00f6gliche Hochbegabung fr\u00fchzeitig zu erkennen.<\/p>\n<\/div><figure class=\"wp-block-media-text__media\"><img loading=\"lazy\" decoding=\"async\" width=\"768\" height=\"1024\" src=\"https:\/\/kita-holunderweg.bretzenheim.info\/wp-content\/uploads\/2025\/01\/kleinefuechseraulestiftungschild-768x1024.jpg\" alt=\"\" class=\"wp-image-1182 size-full\" srcset=\"https:\/\/kita-holunderweg.bretzenheim.info\/wp-content\/uploads\/2025\/01\/kleinefuechseraulestiftungschild-768x1024.jpg 768w, https:\/\/kita-holunderweg.bretzenheim.info\/wp-content\/uploads\/2025\/01\/kleinefuechseraulestiftungschild-225x300.jpg 225w, https:\/\/kita-holunderweg.bretzenheim.info\/wp-content\/uploads\/2025\/01\/kleinefuechseraulestiftungschild-1152x1536.jpg 1152w, https:\/\/kita-holunderweg.bretzenheim.info\/wp-content\/uploads\/2025\/01\/kleinefuechseraulestiftungschild-1536x2048.jpg 1536w, https:\/\/kita-holunderweg.bretzenheim.info\/wp-content\/uploads\/2025\/01\/kleinefuechseraulestiftungschild-scaled.jpg 1920w\" sizes=\"auto, (max-width: 768px) 100vw, 768px\" \/><\/figure><\/div>\n\n\n\n<div class=\"wp-block-media-text alignwide is-stacked-on-mobile\" style=\"grid-template-columns:34% auto\"><figure class=\"wp-block-media-text__media\"><img loading=\"lazy\" decoding=\"async\" width=\"1024\" height=\"768\" src=\"https:\/\/kita-holunderweg.bretzenheim.info\/wp-content\/uploads\/2023\/01\/IMG_3489-1024x768.jpg\" alt=\"\" class=\"wp-image-971 size-full\" srcset=\"https:\/\/kita-holunderweg.bretzenheim.info\/wp-content\/uploads\/2023\/01\/IMG_3489-1024x768.jpg 1024w, https:\/\/kita-holunderweg.bretzenheim.info\/wp-content\/uploads\/2023\/01\/IMG_3489-300x225.jpg 300w, https:\/\/kita-holunderweg.bretzenheim.info\/wp-content\/uploads\/2023\/01\/IMG_3489-768x576.jpg 768w, https:\/\/kita-holunderweg.bretzenheim.info\/wp-content\/uploads\/2023\/01\/IMG_3489-1536x1152.jpg 1536w, https:\/\/kita-holunderweg.bretzenheim.info\/wp-content\/uploads\/2023\/01\/IMG_3489.jpg 2016w\" sizes=\"auto, (max-width: 1024px) 100vw, 1024px\" \/><\/figure><div class=\"wp-block-media-text__content\">\n<h2 class=\"wp-block-heading\">Fassenacht<\/h2>\n\n\n\n<p>Jedes Jahr organisiert der Elternausschuss der Kita, dass wir mit den Kindern und Erziehungsberechtigten beim Bretzenheimer Umzug mitlaufen.<\/p>\n<\/div><\/div>\n\n\n\n<div style=\"height:20px\" aria-hidden=\"true\" class=\"wp-block-spacer\"><\/div>\n\n\n\n<div class=\"wp-block-media-text alignwide has-media-on-the-right is-stacked-on-mobile\" style=\"grid-template-columns:auto 36%\"><div class=\"wp-block-media-text__content\">\n<h2 class=\"wp-block-heading\">Kunstprojekt mit Peggy Schumacher von entdeckungsarten.<\/h2>\n\n\n\n<p>Dank eines Sonderbudgets konnten wir in der Vorweihnachtszeit Peggy Schumacher f\u00fcr ein kreative Projekt mit allen Kindern gewinnen. <\/p>\n<\/div><figure class=\"wp-block-media-text__media\"><img loading=\"lazy\" decoding=\"async\" width=\"1024\" height=\"768\" src=\"https:\/\/kita-holunderweg.bretzenheim.info\/wp-content\/uploads\/2023\/01\/abf7a60f-e52b-4377-ac23-f6ce218c7be9-1024x768.jpg\" alt=\"\" class=\"wp-image-966 size-full\" srcset=\"https:\/\/kita-holunderweg.bretzenheim.info\/wp-content\/uploads\/2023\/01\/abf7a60f-e52b-4377-ac23-f6ce218c7be9-1024x768.jpg 1024w, https:\/\/kita-holunderweg.bretzenheim.info\/wp-content\/uploads\/2023\/01\/abf7a60f-e52b-4377-ac23-f6ce218c7be9-300x225.jpg 300w, https:\/\/kita-holunderweg.bretzenheim.info\/wp-content\/uploads\/2023\/01\/abf7a60f-e52b-4377-ac23-f6ce218c7be9-768x576.jpg 768w, https:\/\/kita-holunderweg.bretzenheim.info\/wp-content\/uploads\/2023\/01\/abf7a60f-e52b-4377-ac23-f6ce218c7be9-1536x1152.jpg 1536w, https:\/\/kita-holunderweg.bretzenheim.info\/wp-content\/uploads\/2023\/01\/abf7a60f-e52b-4377-ac23-f6ce218c7be9.jpg 2048w\" sizes=\"auto, (max-width: 1024px) 100vw, 1024px\" \/><\/figure><\/div>\n","protected":false},"excerpt":{"rendered":"<p>In der Kita werden verschiedene Projekte mit den Kindern durchgef\u00fchrt. Hier wollen wir Ihnen einen kleinen \u00dcberblick verschaffen. Schukitreff Der Schukitreff findet zwei mal die Woche statt zur Vorbereitung der Schulkinder auf die Schule. Zusammenarbeit mit der Kleine F\u00fcchse Raule-Stiftung Wir arbeiten eng mit der Kleine F\u00fcchse Raule-Stiftung zusammen, um unsere Kinder begabungsgerecht zu f\u00f6rdern und eine m\u00f6gliche Hochbegabung fr\u00fchzeitig zu erkennen. Fassenacht Jedes Jahr organisiert der Elternausschuss der Kita, dass wir mit den Kindern und Erziehungsberechtigten beim Bretzenheimer Umzug mitlaufen. Kunstprojekt mit Peggy Schumacher von entdeckungsarten. Dank eines Sonderbudgets konnten wir in der Vorweihnachtszeit Peggy Schumacher f\u00fcr ein kreative&#8230; <\/p>\n","protected":false},"author":2,"featured_media":0,"parent":0,"menu_order":0,"comment_status":"closed","ping_status":"closed","template":"template-parts\/page-template-full-width.php","meta":{"footnotes":""},"class_list":["post-74","page","type-page","status-publish","hentry"],"_links":{"self":[{"href":"https:\/\/kita-holunderweg.bretzenheim.info\/index.php?rest_route=\/wp\/v2\/pages\/74","targetHints":{"allow":["GET"]}}],"collection":[{"href":"https:\/\/kita-holunderweg.bretzenheim.info\/index.php?rest_route=\/wp\/v2\/pages"}],"about":[{"href":"https:\/\/kita-holunderweg.bretzenheim.info\/index.php?rest_route=\/wp\/v2\/types\/page"}],"author":[{"embeddable":true,"href":"https:\/\/kita-holunderweg.bretzenheim.info\/index.php?rest_route=\/wp\/v2\/users\/2"}],"replies":[{"embeddable":true,"href":"https:\/\/kita-holunderweg.bretzenheim.info\/index.php?rest_route=%2Fwp%2Fv2%2Fcomments&post=74"}],"version-history":[{"count":38,"href":"https:\/\/kita-holunderweg.bretzenheim.info\/index.php?rest_route=\/wp\/v2\/pages\/74\/revisions"}],"predecessor-version":[{"id":1184,"href":"https:\/\/kita-holunderweg.bretzenheim.info\/index.php?rest_route=\/wp\/v2\/pages\/74\/revisions\/1184"}],"wp:attachment":[{"href":"https:\/\/kita-holunderweg.bretzenheim.info\/index.php?rest_route=%2Fwp%2Fv2%2Fmedia&parent=74"}],"curies":[{"name":"wp","href":"https:\/\/api.w.org\/{rel}","templated":true}]}}

<p>In der Kita werden verschiedene Projekte mit den Kindern durchgeführt. Hier wollen wir Ihnen einen kleinen Überblick verschaffen.</p>



<div class="wp-block-media-text alignwide is-stacked-on-mobile" style="grid-template-columns:31% auto"><figure class="wp-block-media-text__media"><img loading="lazy" decoding="async" width="400" height="350" src="https://kita-holunderweg.bretzenheim.info/wp-content/uploads/2019/06/gallery_04.jpg" alt="Junge mit runder Brille" class="wp-image-350 size-full" srcset="https://kita-holunderweg.bretzenheim.info/wp-content/uploads/2019/06/gallery_04.jpg 400w, https://kita-holunderweg.bretzenheim.info/wp-content/uploads/2019/06/gallery_04-300x263.jpg 300w" sizes="auto, (max-width: 400px) 100vw, 400px" /></figure><div class="wp-block-media-text__content">
<h2 class="wp-block-heading">Schukitreff</h2>



<p>Der Schukitreff findet zwei mal die Woche statt zur Vorbereitung der Schulkinder auf die Schule. </p>
</div></div>



<div style="height:24px" aria-hidden="true" class="wp-block-spacer"></div>



<div class="wp-block-media-text has-media-on-the-right is-stacked-on-mobile"><div class="wp-block-media-text__content">
<h2 class="wp-block-heading">Zusammenarbeit mit der Kleine Füchse Raule-Stiftung</h2>



<p>Wir arbeiten eng mit der Kleine Füchse Raule-Stiftung zusammen, um unsere Kinder begabungsgerecht zu fördern und eine mögliche Hochbegabung frühzeitig zu erkennen.</p>
</div><figure class="wp-block-media-text__media"><img loading="lazy" decoding="async" width="768" height="1024" src="https://kita-holunderweg.bretzenheim.info/wp-content/uploads/2025/01/kleinefuechseraulestiftungschild-768x1024.jpg" alt="" class="wp-image-1182 size-full" srcset="https://kita-holunderweg.bretzenheim.info/wp-content/uploads/2025/01/kleinefuechseraulestiftungschild-768x1024.jpg 768w, https://kita-holunderweg.bretzenheim.info/wp-content/uploads/2025/01/kleinefuechseraulestiftungschild-225x300.jpg 225w, https://kita-holunderweg.bretzenheim.info/wp-content/uploads/2025/01/kleinefuechseraulestiftungschild-1152x1536.jpg 1152w, https://kita-holunderweg.bretzenheim.info/wp-content/uploads/2025/01/kleinefuechseraulestiftungschild-1536x2048.jpg 1536w, https://kita-holunderweg.bretzenheim.info/wp-content/uploads/2025/01/kleinefuechseraulestiftungschild-scaled.jpg 1920w" sizes="auto, (max-width: 768px) 100vw, 768px" /></figure></div>



<div class="wp-block-media-text alignwide is-stacked-on-mobile" style="grid-template-columns:34% auto"><figure class="wp-block-media-text__media"><img loading="lazy" decoding="async" width="1024" height="768" src="https://kita-holunderweg.bretzenheim.info/wp-content/uploads/2023/01/IMG_3489-1024x768.jpg" alt="" class="wp-image-971 size-full" srcset="https://kita-holunderweg.bretzenheim.info/wp-content/uploads/2023/01/IMG_3489-1024x768.jpg 1024w, https://kita-holunderweg.bretzenheim.info/wp-content/uploads/2023/01/IMG_3489-300x225.jpg 300w, https://kita-holunderweg.bretzenheim.info/wp-content/uploads/2023/01/IMG_3489-768x576.jpg 768w, https://kita-holunderweg.bretzenheim.info/wp-content/uploads/2023/01/IMG_3489-1536x1152.jpg 1536w, https://kita-holunderweg.bretzenheim.info/wp-content/uploads/2023/01/IMG_3489.jpg 2016w" sizes="auto, (max-width: 1024px) 100vw, 1024px" /></figure><div class="wp-block-media-text__content">
<h2 class="wp-block-heading">Fassenacht</h2>



<p>Jedes Jahr organisiert der Elternausschuss der Kita, dass wir mit den Kindern und Erziehungsberechtigten beim Bretzenheimer Umzug mitlaufen.</p>
</div></div>



<div style="height:20px" aria-hidden="true" class="wp-block-spacer"></div>



<div class="wp-block-media-text alignwide has-media-on-the-right is-stacked-on-mobile" style="grid-template-columns:auto 36%"><div class="wp-block-media-text__content">
<h2 class="wp-block-heading">Kunstprojekt mit Peggy Schumacher von entdeckungsarten.</h2>



<p>Dank eines Sonderbudgets konnten wir in der Vorweihnachtszeit Peggy Schumacher für ein kreative Projekt mit allen Kindern gewinnen. </p>
</div><figure class="wp-block-media-text__media"><img loading="lazy" decoding="async" width="1024" height="768" src="https://kita-holunderweg.bretzenheim.info/wp-content/uploads/2023/01/abf7a60f-e52b-4377-ac23-f6ce218c7be9-1024x768.jpg" alt="" class="wp-image-966 size-full" srcset="https://kita-holunderweg.bretzenheim.info/wp-content/uploads/2023/01/abf7a60f-e52b-4377-ac23-f6ce218c7be9-1024x768.jpg 1024w, https://kita-holunderweg.bretzenheim.info/wp-content/uploads/2023/01/abf7a60f-e52b-4377-ac23-f6ce218c7be9-300x225.jpg 300w, https://kita-holunderweg.bretzenheim.info/wp-content/uploads/2023/01/abf7a60f-e52b-4377-ac23-f6ce218c7be9-768x576.jpg 768w, https://kita-holunderweg.bretzenheim.info/wp-content/uploads/2023/01/abf7a60f-e52b-4377-ac23-f6ce218c7be9-1536x1152.jpg 1536w, https://kita-holunderweg.bretzenheim.info/wp-content/uploads/2023/01/abf7a60f-e52b-4377-ac23-f6ce218c7be9.jpg 2048w" sizes="auto, (max-width: 1024px) 100vw, 1024px" /></figure></div>

<p>In der Kita werden verschiedene Projekte mit den Kindern durchgeführt. Hier wollen wir Ihnen einen kleinen Überblick verschaffen. Schukitreff Der Schukitreff findet zwei mal die Woche statt zur Vorbereitung der Schulkinder auf die Schule. Zusammenarbeit mit der Kleine Füchse Raule-Stiftung Wir arbeiten eng mit der Kleine Füchse Raule-Stiftung zusammen, um unsere Kinder begabungsgerecht zu fördern und eine mögliche Hochbegabung frühzeitig zu erkennen. Fassenacht Jedes Jahr organisiert der Elternausschuss der Kita, dass wir mit den Kindern und Erziehungsberechtigten beim Bretzenheimer Umzug mitlaufen. Kunstprojekt mit Peggy Schumacher von entdeckungsarten. Dank eines Sonderbudgets konnten wir in der Vorweihnachtszeit Peggy Schumacher für ein kreative&#8230; </p>
