{"id":69,"date":"2022-01-26T22:05:11","date_gmt":"2022-01-26T22:05:11","guid":{"rendered":"https:\/\/kita-holunderweg2.bretzenheim.info\/?page_id=69"},"modified":"2025-10-09T09:15:39","modified_gmt":"2025-10-09T09:15:39","slug":"foerderverein","status":"publish","type":"page","link":"https:\/\/kita-holunderweg.bretzenheim.info\/?page_id=69","title":{"rendered":"F\u00f6rderverein"},"content":{"rendered":"\n<p>Seit Juni 1998 besteht der F\u00f6rderverein der Kindertagesst\u00e4tte Holunderweg e.V.<\/p>\n\n\n\n<p>Zu unseren Zielen geh\u00f6rt es, die Kindertagesst\u00e4tte zu unterst\u00fctzen, um ein m\u00f6glichst optimales Entwicklungsumfeld f\u00fcr die Kinder zu bieten. Die Spenden und Ihre Mitgliedsbeitr\u00e4ge werden den Kindern direkt als Sachleistungen zugef\u00fchrt.<\/p>\n\n\n\n<p>Unser Verein&#8230;<\/p>\n\n\n\n<p>&#8230;unterst\u00fctzt die Kindertagesst\u00e4tte finanziell<\/p>\n\n\n\n<p>&#8230;nimmt an Basaren und Festen teil<\/p>\n\n\n\n<p>&#8230;erm\u00f6glicht Anschaffungen, z.B. Lern-und Spielger\u00e4te<\/p>\n\n\n\n<p>&#8230;unterst\u00fctzt die Projekte der Kindertagesst\u00e4tte<\/p>\n\n\n\n<div style=\"height:50px\" aria-hidden=\"true\" class=\"wp-block-spacer\"><\/div>\n\n\n\n<p>Warum gibt es neben dem Elternausschuss einen F\u00f6rderverein?<\/p>\n\n\n\n<p>Der Elternausschuss ist ein Organ des Kindergartens, und verf\u00fcgt als solches nicht \u00fcber die M\u00f6glichkeit Geld und Sachspenden entgegenzunehmen. Der F\u00f6rderverein hingegen ist ein unabh\u00e4ngiger Verein, der durch seine Gemeinn\u00fctzigkeit Spenden jeder Art entgegen nehmen kann und diese auch quittieren kann. Diese Spenden k\u00f6nnen steuerlich geltend gemacht werden. Durch die Mitgliedschaft im F\u00f6rderverein bzw. den Mitgliedsbeitrag unterst\u00fctzen die Mitglieder insbesondere Anschaffungen, die mit dem knappen st\u00e4dtischen Budget sonst nicht zu verwirklichen w\u00e4ren. So wurden in der Vergangenheit zahlreiche Spielsachen f\u00fcr die Gruppen und f\u00fcr den Au\u00dfenbereich angeschafft. Zudem konnten unter anderem auch ein Laptop f\u00fcr die Erstellung der Fotob\u00fccher aller Kinder sowie ein Beamer und ein Klavier finanziert werden.<\/p>\n\n\n\n<p>Der F\u00f6rderverein erm\u00f6glicht seinen Mitgliedern eine aktive Teilnahme an der Weiterentwicklung der Kindertagesst\u00e4tte. Ideen und Vorschl\u00e4ge k\u00f6nnen eingebracht werde. Dies alles geschieht in enger Zusammenarbeit mit dem Elternausschuss und der KiTa-Leitung, der F\u00f6rderverein ist jedoch unabh\u00e4ngig bei der Wahl der zu f\u00f6rdernden Projekte.<\/p>\n\n\n\n<h2 class=\"wp-block-heading\">Was k\u00f6nnen Sie tun?<\/h2>\n\n\n\n<p><strong>Engagieren Sie sich im Vorstand<\/strong>!<\/p>\n\n\n\n<p>Um die organisatorischen Belange des Vereins k\u00fcmmert sich dabei der gew\u00e4hlte Vorstand, der aus mindestens vier Mitgliedern besteht (1. Vorsitzende*r, stellvertretende*r Vorsitzende*r, Kassenwart*in und Schriftf\u00fchrer*in).<\/p>\n\n\n\n<p><strong>Spenden Sie!<\/strong><\/p>\n\n\n\n<p>Spendenkonto &#8211; Vereinskonto F\u00f6rderverein KiTa Holunderweg<\/p>\n\n\n\n<p>Mainzer Volksbank eG<\/p>\n\n\n\n<p>IBAN DE93 5519 0000 0385 6810 10<\/p>\n\n\n\n<p>BIC MVBDE55<\/p>\n\n\n\n<p><strong>Werden Sie Mitglied!<\/strong><\/p>\n\n\n\n<p>So unterst\u00fctzen Sie uns durch Ihre Vorschl\u00e4ge und Ihre regelm\u00e4\u00dfigen Beitr\u00e4ge. Die Mitgliedschaft ist schon ab 10 Euro im Jahr m\u00f6glich. Als F\u00f6rdermitglied verpflichten Sie sich zu einer regelm\u00e4\u00dfigen Spende, als aktives Mitglied ebenfalls und nehmen zus\u00e4tzlich pers\u00f6nlich an Aktivit\u00e4ten teil.<\/p>\n\n\n\n<p>Feste, Basare und andere Veranstaltungen der KiTa sind nur mit ehrenamtlicher Mithilfe m\u00f6glich. Hierf\u00fcr wird immer Unterst\u00fctzung gesucht und wir freuen uns \u00fcber jedes Engagement.<\/p>\n\n\n\n<h2 class=\"wp-block-heading\">Kontakt<\/h2>\n\n\n\n<p>F\u00f6rderverein der Kindertagesst\u00e4tte Holunderweg Mainz-Bretzenheim e.V.<\/p>\n\n\n\n<p>c\/o Kindertagesst\u00e4tte Holunderweg<\/p>\n\n\n\n<p>Holunderweg 2<\/p>\n\n\n\n<p>55128 Mainz<\/p>\n\n\n\n<p>Email: Fvkitaholunderweg@gmail.com <\/p>\n\n\n\n<p><a href=\"https:\/\/kita-holunderweg.bretzenheim.info\/wp-content\/uploads\/2022\/02\/Beitrittserklaerung-Foerderverein.docx\">Beitrittserkl\u00e4rung F\u00f6rderverein<\/a><\/p>\n\n\n\n<p><\/p>\n","protected":false},"excerpt":{"rendered":"<p>Seit Juni 1998 besteht der F\u00f6rderverein der Kindertagesst\u00e4tte Holunderweg e.V. Zu unseren Zielen geh\u00f6rt es, die Kindertagesst\u00e4tte zu unterst\u00fctzen, um ein m\u00f6glichst optimales Entwicklungsumfeld f\u00fcr die Kinder zu bieten. Die Spenden und Ihre Mitgliedsbeitr\u00e4ge werden den Kindern direkt als Sachleistungen zugef\u00fchrt. Unser Verein&#8230; &#8230;unterst\u00fctzt die Kindertagesst\u00e4tte finanziell &#8230;nimmt an Basaren und Festen teil &#8230;erm\u00f6glicht Anschaffungen, z.B. Lern-und Spielger\u00e4te &#8230;unterst\u00fctzt die Projekte der Kindertagesst\u00e4tte Warum gibt es neben dem Elternausschuss einen F\u00f6rderverein? Der Elternausschuss ist ein Organ des Kindergartens, und verf\u00fcgt als solches nicht \u00fcber die M\u00f6glichkeit Geld und Sachspenden entgegenzunehmen. Der F\u00f6rderverein hingegen ist ein unabh\u00e4ngiger Verein, der durch seine&#8230; <\/p>\n","protected":false},"author":2,"featured_media":0,"parent":62,"menu_order":0,"comment_status":"closed","ping_status":"closed","template":"template-parts\/page-template-full-width.php","meta":{"footnotes":""},"class_list":["post-69","page","type-page","status-publish","hentry"],"_links":{"self":[{"href":"https:\/\/kita-holunderweg.bretzenheim.info\/index.php?rest_route=\/wp\/v2\/pages\/69","targetHints":{"allow":["GET"]}}],"collection":[{"href":"https:\/\/kita-holunderweg.bretzenheim.info\/index.php?rest_route=\/wp\/v2\/pages"}],"about":[{"href":"https:\/\/kita-holunderweg.bretzenheim.info\/index.php?rest_route=\/wp\/v2\/types\/page"}],"author":[{"embeddable":true,"href":"https:\/\/kita-holunderweg.bretzenheim.info\/index.php?rest_route=\/wp\/v2\/users\/2"}],"replies":[{"embeddable":true,"href":"https:\/\/kita-holunderweg.bretzenheim.info\/index.php?rest_route=%2Fwp%2Fv2%2Fcomments&post=69"}],"version-history":[{"count":12,"href":"https:\/\/kita-holunderweg.bretzenheim.info\/index.php?rest_route=\/wp\/v2\/pages\/69\/revisions"}],"predecessor-version":[{"id":1240,"href":"https:\/\/kita-holunderweg.bretzenheim.info\/index.php?rest_route=\/wp\/v2\/pages\/69\/revisions\/1240"}],"up":[{"embeddable":true,"href":"https:\/\/kita-holunderweg.bretzenheim.info\/index.php?rest_route=\/wp\/v2\/pages\/62"}],"wp:attachment":[{"href":"https:\/\/kita-holunderweg.bretzenheim.info\/index.php?rest_route=%2Fwp%2Fv2%2Fmedia&parent=69"}],"curies":[{"name":"wp","href":"https:\/\/api.w.org\/{rel}","templated":true}]}}