{"id":215,"date":"2022-01-31T11:01:49","date_gmt":"2022-01-31T11:01:49","guid":{"rendered":"https:\/\/kita-holunderweg2.bretzenheim.info\/?page_id=215"},"modified":"2025-03-28T12:14:10","modified_gmt":"2025-03-28T12:14:10","slug":"essen-in-der-kita","status":"publish","type":"page","link":"https:\/\/kita-holunderweg.bretzenheim.info\/?page_id=215","title":{"rendered":"Essen in der KiTa"},"content":{"rendered":"\n<p>Der Essenplan geht \u00fcber 6 Wochen und beginnt dann wieder von vorne. Die Kinder werden bei der Auswahl der vorgegebenen Gerichte des Caterers der Stadt Mainz mit einbezogen.<\/p>\n\n\n\n<p>Mittagessen gibt es bei den Flederm\u00e4usen um 12 Uhr. Die beiden anderen Gruppen essen ihr Mittagessen um 12.30 Uhr. Gegessen wird in den Gruppenr\u00e4umen. Zus\u00e4tzlich wird der Malraum von den Drachen und den Gespenstern zum Mittagessen genutzt. Hier d\u00fcrfen jeweils Kinder von den Drachen und den Gespenstern zusammen essen. In der Zeit von 12.15-13.15 Uhr ist die KiTa telefonisch wegen dem Mittagessen nicht erreichbar. Die Schuki\u00b4s aus beiden Gruppen essen separat zusammen im Fr\u00fchst\u00fccksbereich. Sie haben auch einen eigenen K\u00fcchendienst, an dem sich jedes Kind mal beteiligt.<\/p>\n\n\n\n<p>Hier geht es zum <a href=\"https:\/\/kita-holunderweg.bretzenheim.info\/wp-content\/uploads\/2025\/03\/Essensplan-Maerz-2025.xlsx\">Essensplan der KiTa Holunderweg<\/a><\/p>\n\n\n\n<p>Hier geht es zum <a href=\"https:\/\/kita-holunderweg.bretzenheim.info\/wp-content\/uploads\/2024\/10\/Mittagssnack-2024.pdf\">Mittagssnack der KiTa Holunderweg<\/a><\/p>\n\n\n\n<p><\/p>\n","protected":false},"excerpt":{"rendered":"<p>Der Essenplan geht \u00fcber 6 Wochen und beginnt dann wieder von vorne. Die Kinder werden bei der Auswahl der vorgegebenen Gerichte des Caterers der Stadt Mainz mit einbezogen. Mittagessen gibt es bei den Flederm\u00e4usen um 12 Uhr. Die beiden anderen Gruppen essen ihr Mittagessen um 12.30 Uhr. Gegessen wird in den Gruppenr\u00e4umen. Zus\u00e4tzlich wird der Malraum von den Drachen und den Gespenstern zum Mittagessen genutzt. Hier d\u00fcrfen jeweils Kinder von den Drachen und den Gespenstern zusammen essen. In der Zeit von 12.15-13.15 Uhr ist die KiTa telefonisch wegen dem Mittagessen nicht erreichbar. Die Schuki\u00b4s aus beiden Gruppen essen separat zusammen&#8230; <\/p>\n","protected":false},"author":2,"featured_media":0,"parent":0,"menu_order":0,"comment_status":"closed","ping_status":"closed","template":"template-parts\/page-template-full-width.php","meta":{"footnotes":""},"class_list":["post-215","page","type-page","status-publish","hentry"],"_links":{"self":[{"href":"https:\/\/kita-holunderweg.bretzenheim.info\/index.php?rest_route=\/wp\/v2\/pages\/215","targetHints":{"allow":["GET"]}}],"collection":[{"href":"https:\/\/kita-holunderweg.bretzenheim.info\/index.php?rest_route=\/wp\/v2\/pages"}],"about":[{"href":"https:\/\/kita-holunderweg.bretzenheim.info\/index.php?rest_route=\/wp\/v2\/types\/page"}],"author":[{"embeddable":true,"href":"https:\/\/kita-holunderweg.bretzenheim.info\/index.php?rest_route=\/wp\/v2\/users\/2"}],"replies":[{"embeddable":true,"href":"https:\/\/kita-holunderweg.bretzenheim.info\/index.php?rest_route=%2Fwp%2Fv2%2Fcomments&post=215"}],"version-history":[{"count":29,"href":"https:\/\/kita-holunderweg.bretzenheim.info\/index.php?rest_route=\/wp\/v2\/pages\/215\/revisions"}],"predecessor-version":[{"id":1216,"href":"https:\/\/kita-holunderweg.bretzenheim.info\/index.php?rest_route=\/wp\/v2\/pages\/215\/revisions\/1216"}],"wp:attachment":[{"href":"https:\/\/kita-holunderweg.bretzenheim.info\/index.php?rest_route=%2Fwp%2Fv2%2Fmedia&parent=215"}],"curies":[{"name":"wp","href":"https:\/\/api.w.org\/{rel}","templated":true}]}}