{"id":111,"date":"2022-01-27T10:37:51","date_gmt":"2022-01-27T10:37:51","guid":{"rendered":"https:\/\/kita-holunderweg2.bretzenheim.info\/?page_id=111"},"modified":"2025-01-08T22:55:06","modified_gmt":"2025-01-08T22:55:06","slug":"oeffnungszeiten","status":"publish","type":"page","link":"https:\/\/kita-holunderweg.bretzenheim.info\/?page_id=111","title":{"rendered":"\u00d6ffnungszeiten"},"content":{"rendered":"\n<p>Hier finden Sie unsere aktuellen \u00d6ffnungszeiten f\u00fcr Ganztagspl\u00e4tze und Teilzeitpl\u00e4tze der KiTa Holunderweg.<\/p>\n\n\n\n<p><strong>Eine dringende Bitte aller Erzieher*innen: Bitte bringen Sie Ihre Kinder bis sp\u00e4testens 9 Uhr in die KiTa. Sollte es mal nicht m\u00f6glich sein, informieren Sie uns bitte.<\/strong><\/p>\n\n\n\n<p>In der Mittagszeit von 12.15-13.15 Uhr ist die Kita telefonisch nicht erreichbar.<\/p>\n\n\n\n<figure class=\"wp-block-table\"><table><tbody><tr><td>&nbsp;<\/td><td>&nbsp;<\/td><td>&nbsp;<\/td><td>&nbsp;<\/td><td>&nbsp;<\/td><td>&nbsp;<\/td><\/tr><tr><td>Wochentag<\/td><td>&nbsp;<\/td><td>von<\/td><td>&nbsp;<\/td><td>bis<\/td><td>&nbsp;<\/td><\/tr><tr><td>Montag &#8211; Freitag (GZ)<\/td><td>&nbsp;<\/td><td>07:00<\/td><td>&nbsp;<\/td><td>17:00<\/td><td>&nbsp;<\/td><\/tr><tr><td>Montag &#8211; Freitag (TZ mit Mittagessen)<\/td><td>&nbsp;<\/td><td>07:30<\/td><td>&nbsp;<\/td><td>14:30<\/td><td>&nbsp;<\/td><\/tr><\/tbody><\/table><\/figure>\n","protected":false},"excerpt":{"rendered":"<p>Hier finden Sie unsere aktuellen \u00d6ffnungszeiten f\u00fcr Ganztagspl\u00e4tze und Teilzeitpl\u00e4tze der KiTa Holunderweg. Eine dringende Bitte aller Erzieher*innen: Bitte bringen Sie Ihre Kinder bis sp\u00e4testens 9 Uhr in die KiTa. Sollte es mal nicht m\u00f6glich sein, informieren Sie uns bitte. In der Mittagszeit von 12.15-13.15 Uhr ist die Kita telefonisch nicht erreichbar. &nbsp; &nbsp; &nbsp; &nbsp; &nbsp; &nbsp; Wochentag &nbsp; von &nbsp; bis &nbsp; Montag &#8211; Freitag (GZ) &nbsp; 07:00 &nbsp; 17:00 &nbsp; Montag &#8211; Freitag (TZ mit Mittagessen) &nbsp; 07:30 &nbsp; 14:30 &nbsp;<\/p>\n","protected":false},"author":2,"featured_media":0,"parent":0,"menu_order":0,"comment_status":"closed","ping_status":"closed","template":"template-parts\/page-template-full-width.php","meta":{"footnotes":""},"class_list":["post-111","page","type-page","status-publish","hentry"],"_links":{"self":[{"href":"https:\/\/kita-holunderweg.bretzenheim.info\/index.php?rest_route=\/wp\/v2\/pages\/111","targetHints":{"allow":["GET"]}}],"collection":[{"href":"https:\/\/kita-holunderweg.bretzenheim.info\/index.php?rest_route=\/wp\/v2\/pages"}],"about":[{"href":"https:\/\/kita-holunderweg.bretzenheim.info\/index.php?rest_route=\/wp\/v2\/types\/page"}],"author":[{"embeddable":true,"href":"https:\/\/kita-holunderweg.bretzenheim.info\/index.php?rest_route=\/wp\/v2\/users\/2"}],"replies":[{"embeddable":true,"href":"https:\/\/kita-holunderweg.bretzenheim.info\/index.php?rest_route=%2Fwp%2Fv2%2Fcomments&post=111"}],"version-history":[{"count":13,"href":"https:\/\/kita-holunderweg.bretzenheim.info\/index.php?rest_route=\/wp\/v2\/pages\/111\/revisions"}],"predecessor-version":[{"id":1191,"href":"https:\/\/kita-holunderweg.bretzenheim.info\/index.php?rest_route=\/wp\/v2\/pages\/111\/revisions\/1191"}],"wp:attachment":[{"href":"https:\/\/kita-holunderweg.bretzenheim.info\/index.php?rest_route=%2Fwp%2Fv2%2Fmedia&parent=111"}],"curies":[{"name":"wp","href":"https:\/\/api.w.org\/{rel}","templated":true}]}}